 millions digit of 14779135?
4
What is the tens digit of 1141773493?
9
What is the hundred thousands digit of 189523802?
5
What is the hundred millions digit of 114284680?
1
What is the ten millions digit of 512256047?
1
What is the hundred thousands digit of 1262410316?
4
What is the millions digit of 772279634?
2
What is the thousands digit of 127045409?
5
What is the ten thousands digit of 1664523736?
2
What is the millions digit of 2479054439?
9
What is the hundreds digit of 813418523?
5
What is the ten thousands digit of 573863078?
6
What is the thousands digit of 80837975?
7
What is the ten thousands digit of 270653992?
5
What is the billions digit of 2677299903?
2
What is the millions digit of 421889153?
1
What is the ten thousands digit of 54934907?
3
What is the ten millions digit of 8755970542?
5
What is the thousands digit of 314201082?
1
What is the hundred thousands digit of 28083339?
0
What is the ten thousands digit of 330950018?
5
What is the hundred thousands digit of 56512549?
5
What is the millions digit of 302776483?
2
What is the ten thousands digit of 855317491?
1
What is the hundreds digit of 227635034?
0
What is the ten thousands digit of 841852630?
5
What is the ten millions digit of 945187060?
4
What is the ten millions digit of 54138326?
5
What is the ten millions digit of 630600999?
3
What is the thousands digit of 6396237073?
7
What is the hundreds digit of 91088085?
0
What is the hundred millions digit of 199877381?
1
What is the hundred thousands digit of 50303926?
3
What is the units digit of 88265605?
5
What is the hundred thousands digit of 71021385?
0
What is the millions digit of 909597804?
9
What is the units digit of 239044203?
3
What is the millions digit of 1451427437?
1
What is the ten thousands digit of 347986688?
8
What is the billions digit of 3428420166?
3
What is the hundred millions digit of 141056265?
1
What is the thousands digit of 615937418?
7
What is the tens digit of 42608061?
6
What is the millions digit of 1965647557?
5
What is the units digit of 163066896?
6
What is the hundred thousands digit of 455684317?
6
What is the hundred millions digit of 151902367?
1
What is the thousands digit of 4690396357?
6
What is the ten thousands digit of 1755196706?
9
What is the ten thousands digit of 40977205?
7
What is the hundreds digit of 1598745806?
8
What is the ten millions digit of 83494165?
8
What is the hundred millions digit of 124976815?
1
What is the hundreds digit of 5158565223?
2
What is the tens digit of 174917301?
0
What is the hundred thousands digit of 44205881?
2
What is the millions digit of 631397386?
1
What is the hundred thousands digit of 3342949301?
9
What is the units digit of 675494492?
2
What is the hundreds digit of 2360076039?
0
What is the tens digit of 7767475?
7
What is the ten thousands digit of 1784681126?
8
What is the hundreds digit of 27359076?
0
What is the tens digit of 63595278?
7
What is the tens digit of 144877173?
7
What is the tens digit of 71760668?
6
What is the hundreds digit of 95586297?
2
What is the hundreds digit of 101234739?
7
What is the hundred thousands digit of 195479239?
4
What is the ten thousands digit of 54920364?
2
What is the millions digit of 1015647862?
5
What is the hundred thousands digit of 93979193?
9
What is the thousands digit of 11497991?
7
What is the tens digit of 280914690?
9
What is the thousands digit of 93606240?
6
What is the hundred millions digit of 2736514018?
7
What is the ten thousands digit of 31594304?
9
What is the hundreds digit of 742741534?
5
What is the thousands digit of 13604358?
4
What is the millions digit of 270448878?
0
What is the millions digit of 3786570252?
6
What is the hundreds digit of 147264606?
6
What is the ten thousands digit of 40696411?
9
What is the hundred thousands digit of 1592063482?
0
What is the millions digit of 276262730?
6
What is the units digit of 1774184685?
5
What is the hundreds digit of 611905119?
1
What is the ten thousands digit of 19086964?
8
What is the ten thousands digit of 105235681?
3
What is the hundred thousands digit of 4575852452?
8
What is the hundreds digit of 120454349?
3
What is the hundreds digit of 12820142?
1
What is the hundred millions digit of 357693378?
3
What is the hundred millions digit of 131170833?
1
What is the millions digit of 489734117?
9
What is the millions digit of 3757940803?
7
What is the millions digit of 65699139?
5
What is the millions digit of 271666449?
1
What is the ten thousands digit of 81407955?
0
What is the hundred thousands digit of 2742737?
7
What is the millions digit of 2700235612?
0
What is the ten millions digit of 202488336?
0
What is the thousands digit of 46625779?
5
What is the hundreds digit of 194287065?
0
What is the billions digit of 2661828513?
2
What is the tens digit of 99519571?
7
What is the ten millions digit of 6713755716?
1
What is the hundred thousands digit of 154359066?
3
What is the ten thousands digit of 352143587?
4
What is the ten millions digit of 946429388?
4
What is the ten millions digit of 875146304?
7
What is the units digit of 219485767?
7
What is the units digit of 536591625?
5
What is the hundreds digit of 392213810?
8
What is the hundred millions digit of 106647174?
1
What is the thousands digit of 10387288?
7
What is the tens digit of 69712298?
9
What is the hundred thousands digit of 538339002?
3
What is the tens digit of 920730583?
8
What is the ten millions digit of 2870458039?
7
What is the hundreds digit of 2776839488?
4
What is the ten thousands digit of 167996507?
9
What is the hundreds digit of 8700593?
5
What is the billions digit of 1356860294?
1
What is the ten thousands digit of 67472233?
7
What is the thousands digit of 147309377?
9
What is the billions digit of 1011995037?
1
What is the thousands digit of 517994196?
4
What is the tens digit of 44382429?
2
What is the hundreds digit of 30320284?
2
What is the hundred thousands digit of 2384682141?
6
What is the tens digit of 2770606509?
0
What is the ten thousands digit of 402232146?
3
What is the hundreds digit of 354070888?
8
What is the hundred thousands digit of 11882798?
8
What is the millions digit of 301118411?
1
What is the millions digit of 30314639?
0
What is the thousands digit of 6142571?
2
What is the ten thousands digit of 2020064276?
6
What is the hundred millions digit of 212300053?
2
What is the billions digit of 1594762460?
1
What is the ten thousands digit of 2299850402?
5
What is the ten thousands digit of 75599799?
9
What is the ten thousands digit of 577000538?
0
What is the thousands digit of 126011977?
1
What is the tens digit of 49959866?
6
What is the thousands digit of 50780248?
0
What is the hundred millions digit of 1770557471?
7
What is the hundred thousands digit of 498077481?
0
What is the millions digit of 374481610?
4
What is the thousands digit of 3282496227?
6
What is the ten millions digit of 112486471?
1
What is the units digit of 203269420?
0
What is the units digit of 608974967?
7
What is the tens digit of 963600632?
3
What is the hundreds digit of 3369286552?
5
What is the units digit of 4491888888?
8
What is the hundreds digit of 176830399?
3
What is the tens digit of 109474567?
6
What is the tens digit of 17060440?
4
What is the hundreds digit of 1743177699?
6
What is the units digit of 21687918?
8
What is the units digit of 4047254968?
8
What is the millions digit of 2914527842?
4
What is the thousands digit of 695802930?
2
What is the tens digit of 244877901?
0
What is the ten thousands digit of 1978422760?
2
What is the millions digit of 342505400?
2
What is the ten thousands digit of 2411364016?
6
What is the hundred thousands digit of 54614444?
6
What is the units digit of 48036826?
6
What is the thousands digit of 160318182?
8
What is the millions digit of 365324677?
5
What is the units digit of 925160781?
1
What is the ten thousands digit of 1214229782?
2
What is the thousands digit of 6885845?
5
What is the millions digit of 233830579?
3
What is the hundreds digit of 21585943?
9
What is the hundred thousands digit of 1437695690?
6
What is the ten millions digit of 317640849?
1
What is the hundred millions digit of 7438607048?
4
What is the hundred thousands digit of 43351204